d by 6263.
80
What is the remainder when 107278 is divided by 51825?
3628
Calculate the remainder when 46955695 is divided by 3564.
3559
Calculate the remainder when 19427299 is divided by 61.
19
What is the remainder when 10618 is divided by 10392?
226
Calculate the remainder when 56872 is divided by 2368.
40
What is the remainder when 16032289 is divided by 2290?
2289
What is the remainder when 308946 is divided by 19303?
98
What is the remainder when 992801 is divided by 496391?
19
What is the remainder when 3433319 is divided by 1144439?
2
What is the remainder when 2608126 is divided by 1855?
1851
What is the remainder when 1537467 is divided by 1133?
1119
Calculate the remainder when 13263743 is divided by 6631809.
125
What is the remainder when 24337 is divided by 338?
1
What is the remainder when 1929805 is divided by 1761?
1510
Calculate the remainder when 28489344 is divided by 21072.
0
Calculate the remainder when 193508 is divided by 241.
226
Calculate the remainder when 5884088 is divided by 980681.
2
What is the remainder when 948114 is divided by 118510?
34
What is the remainder when 11906749 is divided by 234?
127
What is the remainder when 4203912 is divided by 21?
6
Calculate the remainder when 29532404 is divided by 69982.
0
What is the remainder when 160873 is divided by 39332?
3545
Calculate the remainder when 52182311 is divided by 364.
363
What is the remainder when 2890845 is divided by 192721?
30
Calculate the remainder when 4151269 is divided by 1383755.
4
Calculate the remainder when 1677156 is divided by 25801.
91
Calculate the remainder when 23431739 is divided by 30.
29
What is the remainder when 382150 is divided by 3233?
656
Calculate the remainder when 25572 is divided by 104.
92
What is the remainder when 151060 is divided by 272?
100
Calculate the remainder when 34445633 is divided by 1139.
1134
Calculate the remainder when 416982 is divided by 675.
507
Calculate the remainder when 19409703 is divided by 2772814.
5
Calculate the remainder when 31909 is divided by 2331.
1606
Calculate the remainder when 99557 is divided by 33022.
491
Calculate the remainder when 667117643 is divided by 21.
17
What is the remainder when 5972401 is divided by 22120?
1
Calculate the remainder when 401709 is divided by 401679.
30
Calculate the remainder when 22226 is divided by 308.
50
Calculate the remainder when 179598 is divided by 178.
174
Calculate the remainder when 264582 is divided by 243.
198
Calculate the remainder when 18534 is divided by 363.
21
What is the remainder when 2333056 is divided by 164?
156
Calculate the remainder when 73527 is divided by 683.
446
What is the remainder when 25601969 is divided by 507?
497
Calculate the remainder when 2016107 is divided by 2016096.
11
What is the remainder when 136617 is divided by 68222?
173
Calculate the remainder when 116041089 is divided by 6010.
9
What is the remainder when 18493599 is divided by 186?
177
What is the remainder when 15886223 is divided by 42820?
3
Calculate the remainder when 368348 is divided by 27.
14
Calculate the remainder when 24241613 is divided by 2224.
13
Calculate the remainder when 19192154 is divided by 10692.
14
Calculate the remainder when 4037091 is divided by 23.
16
What is the remainder when 1767060 is divided by 16064?
20
Calculate the remainder when 33755 is divided by 33702.
53
What is the remainder when 23086751 is divided by 5771687?
3
Calculate the remainder when 6335 is divided by 337.
269
What is the remainder when 369277 is divided by 2638?
2595
What is the remainder when 1975629 is divided by 987631?
367
Calculate the remainder when 48976518 is divided by 623.
619
What is the remainder when 5135125 is divided by 858?
853
What is the remainder when 10955754 is divided by 5222?
5220
Calculate the remainder when 3212499 is divided by 917.
248
Calculate the remainder when 12368230 is divided by 18.
16
What is the remainder when 4387288 is divided by 237?
181
Calculate the remainder when 166153 is divided by 166151.
2
What is the remainder when 15414 is divided by 11409?
4005
What is the remainder when 186054 is divided by 31?
23
What is the remainder when 21959169 is divided by 1908?
1905
What is the remainder when 63052462 is divided by 383?
321
What is the remainder when 1735488 is divided by 220?
128
What is the remainder when 10117119 is divided by 5058455?
209
What is the remainder when 778358 is divided by 389169?
20
What is the remainder when 878669 is divided by 35145?
44
Calculate the remainder when 10214501 is divided by 70.
31
Calculate the remainder when 6491261 is divided by 14425.
11
Calculate the remainder when 477778 is divided by 106.
36
Calculate the remainder when 5710 is divided by 1624.
838
What is the remainder when 221519 is divided by 1908?
191
Calculate the remainder when 1119554 is divided by 111955.
4
Calculate the remainder when 63502 is divided by 497.
383
What is the remainder when 35332057 is divided by 41?
20
What is the remainder when 173545829 is divided by 57848606?
11
Calculate the remainder when 44545 is divided by 219.
88
Calculate the remainder when 1764662 is divided by 5463.
113
What is the remainder when 33535 is divided by 8370?
55
What is the remainder when 16038003 is divided by 5219?
16
Calculate the remainder when 365398 is divided by 3971.
66
What is the remainder when 3374365 is divided by 114?
79
What is the remainder when 22246699 is divided by 521?
520
What is the remainder when 599087 is divided by 7?
6
What is the remainder when 347798 is divided by 15114?
176
What is the remainder when 3362209 is divided by 48030?
109
Calculate the remainder when 4637988 is divided by 211.
208
What is the remainder when 1488672 is divided by 248110?
12
What is the remainder when 12542598 is divided by 952?
950
What is the remainder when 20091625 is divided by 1773?
1762
What is the remainder when 1443905 is divided by 1054?
979
Calculate the remainder when 3542 is divided by 3195.
347
What is the remainder when 48279609 is divided by 349?
345
What is the remainder when 120339 is divided by 166?
155
Calculate the remainder when 4931484 is divided by 273.
12
Calculate the remainder when 1887577 is divided by 15.
7
Calculate the remainder when 48930 is divided by 569.
565
Calculate the remainder when 338314 is divided by 440.
394
What is the remainder when 4733936 is divided by 15?
11
What is the remainder when 54732771 is divided by 739632?
3
What is the remainder when 34143377 is divided by 107?
105
Calculate the remainder when 498676 is divided by 198.
112
What is the remainder when 18321 is divided by 3368?
1481
What is the remainder when 208537 is divided by 23170?
7
Calculate the remainder when 1375613 is divided by 4367.
8
What is the remainder when 465229 is divided by 92994?
259
What is the remainder when 7422439 is divided by 6586?
17
What is the remainder when 1833913 is divided by 263?
14
Calculate the remainder when 42221 is divided by 3392.
1517
What is the remainder when 87956690 is divided by 14?
10
Calculate the remainder when 9575139 is divided by 20.
19
Calculate the remainder when 373633 is divided by 730.
603
What is the remainder when 14649867 is divided by 61?
46
Calculate the remainder when 7121180 is divided by 1424235.
5
Calculate the remainder when 53933 is divided by 2476.
1937
Calculate the remainder when 48280 is divided by 3064.
2320
Calculate the remainder when 2798811 is divided by 174921.
75
Calculate the remainder when 3456638 is divided by 657.
161
What is the remainder when 61929178 is divided by 596?
10
What is the remainder when 446839691 is divided by 32?
11
What is the remainder when 20880975 is divided by 111?
99
Calculate the remainder when 50050410 is divided by 21.
18
What is the remainder when 202978 is divided by 202946?
32
What is the remainder when 297520 is divided by 148493?
534
What is the remainder when 2944861 is divided by 226527?
10
What is the remainder when 11114 is divided by 4065?
2984
What is the remainder when 277647 is divided by 25?
22
What is the remainder when 29955913 is divided by 495?
493
What is the remainder when 13778 is divided by 1689?
266
Calculate the remainder when 115432 is divided by 28828.
120
Calculate the remaind